 is the remainder when 2475287 is divided by 4863?
20
What is the remainder when 6029 is divided by 4095?
1934
Calculate the remainder when 18009275 is divided by 2184.
11
What is the remainder when 30372 is divided by 319?
67
What is the remainder when 604738 is divided by 604725?
13
What is the remainder when 79023 is divided by 1411?
7
Calculate the remainder when 980180 is divided by 12897.
8
What is the remainder when 2741785 is divided by 1370879?
27
Calculate the remainder when 934101 is divided by 214.
205
What is the remainder when 9021640 is divided by 1288791?
103
What is the remainder when 786010 is divided by 885?
130
Calculate the remainder when 8437840 is divided by 416.
112
What is the remainder when 715903 is divided by 188?
187
What is the remainder when 2150858 is divided by 1075376?
106
Calculate the remainder when 1431114 is divided by 476879.
477
Calculate the remainder when 284263 is divided by 1165.
3
What is the remainder when 10776849 is divided by 906?
885
Calculate the remainder when 2417925 is divided by 505.
490
What is the remainder when 98904728 is divided by 151?
30
Calculate the remainder when 235970 is divided by 694.
10
What is the remainder when 6248435 is divided by 8583?
11
Calculate the remainder when 38617 is divided by 2144.
25
What is the remainder when 463460 is divided by 233?
23
What is the remainder when 80460 is divided by 26802?
54
What is the remainder when 879344 is divided by 175867?
9
Calculate the remainder when 860550 is divided by 286707.
429
Calculate the remainder when 452397 is divided by 112689.
1641
What is the remainder when 597825 is divided by 677?
34
Calculate the remainder when 17244288 is divided by 111.
105
What is the remainder when 3290914 is divided by 43301?
38
What is the remainder when 521547 is divided by 173826?
69
What is the remainder when 12379368 is divided by 12379367?
1
What is the remainder when 8569083 is divided by 3703?
341
What is the remainder when 31253 is divided by 4450?
103
Calculate the remainder when 35958921 is divided by 198668.
13
What is the remainder when 418179 is divided by 52253?
155
Calculate the remainder when 8699641 is divided by 1448.
57
What is the remainder when 106303 is divided by 610?
163
Calculate the remainder when 2955094 is divided by 2991.
2977
What is the remainder when 997723 is divided by 152?
147
What is the remainder when 785411 is divided by 3572?
3143
Calculate the remainder when 30174370 is divided by 2272.
2210
Calculate the remainder when 5121559 is divided by 93.
49
Calculate the remainder when 372328 is divided by 16782.
3124
Calculate the remainder when 133358 is divided by 1734.
1574
What is the remainder when 17555400 is divided by 586?
12
What is the remainder when 771717237 is divided by 945?
942
What is the remainder when 2217848 is divided by 50?
48
Calculate the remainder when 3779556 is divided by 467.
125
What is the remainder when 43875885 is divided by 4330?
4325
Calculate the remainder when 77102 is divided by 14627.
3967
What is the remainder when 8861002 is divided by 53?
38
Calculate the remainder when 658063 is divided by 1303.
48
What is the remainder when 100929 is divided by 1643?
706
Calculate the remainder when 491833 is divided by 315.
118
Calculate the remainder when 3346448 is divided by 3160.
8
Calculate the remainder when 247318 is divided by 95.
33
What is the remainder when 513309 is divided by 2139?
2088
What is the remainder when 5844233 is divided by 8061?
8
What is the remainder when 11856619 is divided by 320?
299
Calculate the remainder when 1833904 is divided by 73.
71
Calculate the remainder when 6038942 is divided by 295.
292
Calculate the remainder when 213506 is divided by 8532.
206
What is the remainder when 26739 is divided by 666?
99
Calculate the remainder when 2781289 is divided by 6100.
5789
What is the remainder when 16583260 is divided by 916?
912
Calculate the remainder when 15157796 is divided by 1377978.
38
Calculate the remainder when 1229858 is divided by 102343.
1742
Calculate the remainder when 322607 is divided by 63.
47
What is the remainder when 621818997 is divided by 2855?
2852
Calculate the remainder when 3040 is divided by 1413.
214
Calculate the remainder when 10415400 is divided by 28226.
6
Calculate the remainder when 482381 is divided by 96472.
21
What is the remainder when 109592 is divided by 10912?
472
What is the remainder when 15213 is divided by 14022?
1191
Calculate the remainder when 1869337 is divided by 743.
692
What is the remainder when 7526 is divided by 6362?
1164
What is the remainder when 1815592 is divided by 1862?
142
Calculate the remainder when 63018974 is divided by 4026.
4022
What is the remainder when 1231918 is divided by 348?
346
What is the remainder when 40499180 is divided by 59296?
12
Calculate the remainder when 2893184 is divided by 458.
456
Calculate the remainder when 748080 is divided by 2027.
117
Calculate the remainder when 10570548 is divided by 5005.
4993
What is the remainder when 122571 is divided by 7660?
11
What is the remainder when 1054037 is divided by 81076?
49
Calculate the remainder when 2151536 is divided by 82751.
10
Calculate the remainder when 8593 is divided by 7280.
1313
What is the remainder when 7294858 is divided by 102744?
34
What is the remainder when 2289206 is divided by 1352?
270
What is the remainder when 6571 is divided by 216?
91
What is the remainder when 5346 is divided by 205?
16
Calculate the remainder when 17864 is divided by 144.
8
Calculate the remainder when 17387 is divided by 1736.
27
What is the remainder when 105994 is divided by 41?
9
What is the remainder when 1035447 is divided by 11139?
10659
Calculate the remainder when 4320322 is divided by 8799.
13
Calculate the remainder when 9677717 is divided by 244.
189
Calculate the remainder when 29722 is divided by 7080.
1402
What is the remainder when 1430508 is divided by 1371?
555
What is the remainder when 647728 is divided by 161926?
24
What is the remainder when 22495 is divided by 33?
22
What is the remainder when 8555692 is divided by 449?
446
What is the remainder when 37637 is divided by 147?
5
What is the remainder when 4000304 is divided by 41?
16
Calculate the remainder when 64102 is divided by 2125.
352
What is the remainder when 11316547 is divided by 298?
295
Calculate the remainder when 114892922 is divided by 175.
172
What is the remainder when 371042492 is divided by 1203?
1202
What is the remainder when 129324296 is divided by 350?
346
What is the remainder when 2169095 is divided by 216909?
5
What is the remainder when 6386 is divided by 490?
16
Calculate the remainder when 8148763 is divided by 47.
44
What is the remainder when 1225939 is divided by 1346?
1079
Calculate the remainder when 11113153 is divided by 85.
83
What is the remainder when 3648216 is divided by 38402?
26
What is the remainder when 78770 is divided by 638?
296
Calculate the remainder when 237267807 is divided by 4029.
4026
What is the remainder when 5788 is divided by 234?
172
What is the remainder when 107087217 is divided by 517?
490
What is the remainder when 697187 is divided by 230?
57
What is the remainder when 1640941 is divided by 6196?
5197
What is the remainder when 41124182 is divided by 15322?
15256
Calculate the remainder when 14741957 is divided by 17.
16
What is the remainder when 1468650 is divided by 16881?
3
Calculate the remainder when 1677903 is divided by 9119.
7
What is the remainder when 2386348 is divided by 1733?
7
Calculate the remainder when 4206176 is divided by 525770.
16
Calculate the remainder when 99341689 is divided by 3010354.
7
What is the remainder when 6611837 is divided by 502?
497
What is the remainder when 6087733 is divided by 141?
58
What is the remainder when 18194 is divided by 2285?
2199
What is the remainder when 885200 is divided by 17020?
160
What is the remainder when 32024981 is divided by 624?
53
What is the remainder when 139690 is divided by 6349?
12
Calculate the remainder when 354625 is divided by 476.
5
Calculate the remainder when 537635 is divided by 53692.
715
Calculate the remainder when 2016515 is divided by 403299.
20
Calculate the remainder when 1145306 is divided by 114